Suppose -115 = -3*i + 5*d, 0 = -4*i - i + 4*d + 196. Suppose 4*a = -a + i. What are the prime factors of a?
2
Let o(a) = -2*a - 3. Let x be o(-3). Suppose -2*h + x = -13. What are the prime factors of h?
2
Let s = 36 - 23. What are the prime factors of s?
13
Suppose -2*o + 5*o = 4*k + 77, 0 = -2*o + k + 43. Let n = o - 33. Let s = n + 24. List the prime factors of s.
2, 5
List the prime factors of 2486/88 - (-3)/4.
29
Let x(h) = -6*h**3 - h**2 - h - 1. Let y(t) = 12*t**3 + 2*t**2 + 2*t + 2. Let o(d) = -7*x(d) - 4*y(d). Let p = -2 + 1. List the prime factors of o(p).
5
Let y(f) = -f**3 + 8*f**2 - 5*f - 10. Let r be y(7). Suppose 5*m = 4*m + r. Suppose 2*v + 4*j = 30, -3*v + 6 = -m*j + 1. List the prime factors of v.
7
Let f(s) = 11*s**2 + 25*s - 13. Let v(o) = -5*o**2 - 12*o + 6. Let a(k) = -6*f(k) - 13*v(k). Suppose -3*l + 2*l + 5 = 0. List the prime factors of a(l).
5
Let o(x) = 3*x**2 + x. Let n be o(-1). Suppose -2*w + 25 = 2*f + 5, n*f + 3*w = 19. List the prime factors of f.
11
Suppose -5*i = -2*i - 135. List the prime factors of i/3 - (3 + -2).
2, 7
Suppose -3*a = 2*a. Suppose a*d + 160 = 5*d. List the prime factors of d.
2
Let x(o) = 5*o - 9. Let u be x(6). Suppose 0 = h - 6*h - 15, 2*h + u = 5*c. List the prime factors of c.
3
What are the prime factors of (126/9)/(1/4)?
2, 7
Let q = 79 + -56. What are the prime factors of q?
23
Suppose -5*i + 12 = -4*w, 3*i - 2*w + 4*w = 16. Let n = -1 - 0. Let x = i + n. What are the prime factors of x?
3
Let w be (2/6)/((-3)/45). Let y(t) = -t**2 - 10*t + 7. List the prime factors of y(w).
2
Let l = -9 - -12. Suppose -4*g + 47 = l*u, -2*g + 5*u + 1 = 10. List the prime factors of g.
2
Let t(l) = -3*l + 10. Let k be t(-9). Suppose 0 = p + 2*u - 16, -u + 3 = -3*p + k. What are the prime factors of p?
2, 3
Suppose 0 = y - 2*f + 5, -5*f + 6 = -4. Let i be (-1 + (-4)/2)/y. Suppose k = -0*k + i. What are the prime factors of k?
3
Let s(v) = 2*v**2 + 15*v - 11. List the prime factors of s(-12).
97
Suppose -2*v = -5*v - 15. Let y be (0 + v)*3/(-3). Suppose 26 = y*x - 4. List the prime factors of x.
2, 3
Suppose -20 = -5*i, 0 = 3*v + 5*i - 12 - 23. Suppose 31 = c + 2*g, 84 = 5*c + 4*g - 53. Suppose v*t - 30 = c. List the prime factors of t.
11
Let p(i) = i - 4. Let q be 16/(-6)*9/(-6). Let m be p(q). Suppose y + 0*y - 13 = m. What are the prime factors of y?
13
Suppose 7*m - 162 = m. Let z be (-141)/9 + (-1)/3. Let b = m + z. What are the prime factors of b?
11
Let p be (-2 - -4*3) + 0. Let b be 4/p - (-1626)/(-15). List the prime factors of b/(-15) - 1/5.
7
Let r(o) = -8*o - 20. List the prime factors of r(-18).
2, 31
Let j = 82 + -37. Let b = j - 24. What are the prime factors of b?
3, 7
Suppose -4*b + 20 = -0*b. Suppose -b*p - 2*y = -28, 25 = 4*p - 0*y - y. List the prime factors of p.
2, 3
Suppose -3*h + 2*y = -4*h - 4, 5*y + 19 = -h. What are the prime factors of h/21 + 486/14?
5, 7
Let n(i) = -16*i - 4. Let b be n(-4). Let o = b - 30. What are the prime factors of o?
2, 3, 5
Let c = -15 + 58. Suppose 4*p + 54 = 5*o, 0 = -4*o + 5*p - 2*p + c. What are the prime factors of o?
2, 5
Let k = 211 + 15. What are the prime factors of k?
2, 113
Suppose y = 3*y - 8. Suppose 65 = 3*z - 8*j + 4*j, -4*j + y = 0. Let b = z + -9. What are the prime factors of b?
2, 7
Let b(l) = -2*l**3 + 3*l + 2. Let a be b(-3). Suppose a = 5*c + 4*j, -4*c + 48 = 3*j - 5*j. List the prime factors of c.
11
Let a = 227 - -14. List the prime factors of a.
241
Suppose -7*r - 288 + 1821 = 0. What are the prime factors of r?
3, 73
Suppose s - 9 = -5. Let g = -13 - -47. List the prime factors of (4/2)/(s/g).
17
Let n be (-18)/(-45) + (-228)/(-5). Suppose -3*d = -d - n. What are the prime factors of d?
23
Let q = 320 - 215. Suppose -q = -2*s - 3*s. List the prime factors of s.
3, 7
Let m = 65 + -26. What are the prime factors of m?
3, 13
Let m(g) = g**2 + g. Let d(b) = -7*b**2 + 2*b - 1. Let v(u) = -d(u) + m(u). List the prime factors of v(-2).
5, 7
Let w(j) = -j**3 + 10*j**2 + j - 12. What are the prime factors of w(9)?
2, 3, 13
Let f = -9 + 11. Suppose -j - f*j + 39 = 0. What are the prime factors of j?
13
Let k(j) = -j**3 - 3*j**2 + 5*j + 6. Let n be k(-4). Suppose n*o + 2*r - 9 = 3, 3*r = -o + 14. List the prime factors of o.
2
Let t(k) = -k**3 + 6*k**2 + 6*k + 9. Let f be (-2)/(-2*3/6). Let p = 5 + f. What are the prime factors of t(p)?
2
Let x(d) = -d + 8. Let p be ((-2)/(-2))/1*6. Let h be x(p). Suppose 5 = h*u - y - 2, 28 = 5*u + y. What are the prime factors of u?
5
Let g be (3 - -1) + -1 + -1. List the prime factors of g*((-1)/(-2) - -2).
5
Let m = 6 - 4. Suppose -m = 3*v - v, c - 2*v = 24. List the prime factors of c.
2, 11
Let x be 5*(19/5 - 3). Suppose x*p - 138 = 54. List the prime factors of p.
2, 3
Suppose 2*n - 8 = 16. Let j(v) = 2*v - 3*v + n*v - 1. What are the prime factors of j(1)?
2, 5
Let h = -5 - -3. Let t be (-30)/4*12/h. Suppose 0 = 5*u - 0*u - t. List the prime factors of u.
3
Let z(h) = 6*h**2 + 4*h - 31. Let m(w) = -w**2 - w + 6. Let q(l) = 11*m(l) + 2*z(l). What are the prime factors of q(2)?
2
Suppose 0 = -5*g + 98 + 32. Suppose -1 = -3*h + g. What are the prime factors of h?
3
Let n be (-12)/3 - (-3)/1. Let l = 1 - n. Suppose -l*q + q = -6. What are the prime factors of q?
2, 3
List the prime factors of (32/(-20))/(-8) - 1098/(-10).
2, 5, 11
Let j = 3 + -3. Suppose -5*l + j = -10. List the prime factors of (6 - l) + 1 + -2.
3
Suppose -5*p + 4*g + 147 = 0, 4*p - 120 = g + g. What are the prime factors of p?
31
Suppose 4*t + 0*r - 172 = 2*r, 74 = 2*t + 2*r. Let a = t - 20. List the prime factors of a.
3, 7
What are the prime factors of (-5)/(-15) - 124/(-6)?
3, 7
Let p = 18 - 2. Let k = p - 4. What are the prime factors of k?
2, 3
Let g be (-22)/(-6) + (-1)/(-3). What are the prime factors of 29/g + 2/(-8)?
7
Let x(m) = 2*m - 6. List the prime factors of x(6).
2, 3
Let o be (-6)/8 - 57/4. What are the prime factors of 0 - (-6 + 4) - o?
17
Suppose -3 = -g - 1. Let w(i) = -7*i**2 + 2*i + 1. Let z be w(g). Let d = z + 32. What are the prime factors of d?
3
Suppose -5*m + 8*m = 96. What are the prime factors of m?
2
Let c(j) = j + 22. List the prime factors of c(0).
2, 11
Suppose 4*b + 3 - 13 = -v, -8 = -3*v - b. Suppose 0*m - v*k = 5*m - 236, 0 = 3*m + 4*k - 150. List the prime factors of m.
2, 23
Suppose 0 = b + 4*b - 300. List the prime factors of b.
2, 3, 5
Let a = 26 + -16. Let j = a - 2. Suppose -3*o + j = -o. List the prime factors of o.
2
Let f(a) = 2*a**3 - 5*a**2 + 4*a - 1. What are the prime factors of f(4)?
3, 7
Let y be 1/(2 - (-26)/(-14)). List the prime factors of (-1 + y)/((-1)/(-2)).
2, 3
Let h = -19 - -51. List the prime factors of h.
2
Let q be (-3)/(-12) - 2/8. What are the prime factors of (q - -27) + (-5 - -2)?
2, 3
Let y(s) = s**2 + 5*s + 2. Let h be y(-6). Let o(g) = g**2 - 8*g + 5. List the prime factors of o(h).
5
Let w(d) = -7*d**3 - 2*d**2 + 1. What are the prime factors of w(-1)?
2, 3
Let u(i) = 3*i**2 - 4. Let n(g) = -g**3 - 5*g**2 - g - 2. Let f be n(-5). List the prime factors of u(f).
23
Suppose -3*t = -5*t + 90. List the prime factors of -6*6/t*-10.
2
Let j = -9 - -10. Suppose -3*g = -32 - j. List the prime factors of g.
11
Let l(f) = 7*f + 10. What are the prime factors of l(7)?
59
Let k = 10 + -6. Suppose -2 - 18 = -k*w. Let t = 0 + w. What are the prime factors of t?
5
Let s be (2/(-6))/(3/(-27)). Suppose -4*n = -5*y - 39, 5*y = -4*n + 12 - s. Let o = n - 0. List the prime factors of o.
2, 3
Let v(b) = 114*b**3 - b**2 - b. Let d be v(-1). What are the prime factors of d/(-24) + 2/8?
5
Let p be -2 - (63/(-3) - 3). Suppose -4*z + 6*z + p = 0. Let t = -3 - z. List the prime factors of t.
2
Suppose 0 = 5*d - 139 - 26. List the prime factors of d.
3, 11
Let a(g) = g**3 + 7*g**2 + g - 7. Let n be a(-6). Let o be 40/(-2)*(-6)/8. Let y = n - o. What are the prime factors of y?
2
Let a(t) = -7*t. Let x be a(-3). Suppose 5*g - x = 59. Suppose -3*j + 5 = -g. List the prime factors of j.
7
Let y(f) = f**2 - 4*f - 11. What are the prime factors of y(-5)?
2, 17
Suppose -2*r + 4*j = 2, r + 1 = 5*j - 3. Let d = 20 - 3. Suppose 4*v + r = d. What are the prime factors of v?
2
Let f = 16 + 59. List the prime factors of f.
3, 5
Suppose 4*w = 5*b + 45, 3*w - 24 = 3*b + 6. Let l = b + 6. Suppose 